{"id":2631,"date":"2024-11-23T10:26:16","date_gmt":"2024-11-23T09:26:16","guid":{"rendered":"https:\/\/www.elementar-erfahrungen.de\/shop\/?post_type=product&#038;p=2631"},"modified":"2025-05-08T17:34:49","modified_gmt":"2025-05-08T15:34:49","slug":"urverbindung-fuer-maenner-ganz-werden","status":"publish","type":"product","link":"https:\/\/www.elementar-erfahrungen.de\/shop\/produkt\/urverbindung-fuer-maenner-ganz-werden\/","title":{"rendered":"UrVerbindung f\u00fcr M\u00e4nner &#8211; \u00dcbergang, Kraft, Frieden"},"content":{"rendered":"","protected":false},"excerpt":{"rendered":"<p>Werde wer Du bist<\/p>\n","protected":false},"featured_media":279,"template":"","meta":{"_acf_changed":false,"footnotes":""},"product_brand":[],"product_cat":[70,24,26],"product_tag":[],"class_list":{"0":"post-2631","1":"product","2":"type-product","3":"status-publish","4":"has-post-thumbnail","6":"product_cat-elementar-erfahrungen","7":"product_cat-erwachsene","8":"product_cat-maenner","9":"sales-flash-overlay","10":"woocommerce-text-align-center","11":"woocommerce-image-align-center","12":"do-quantity-buttons","14":"first","15":"instock","16":"virtual","17":"taxable","18":"product-type-simple"},"acf":[],"_links":{"self":[{"href":"https:\/\/www.elementar-erfahrungen.de\/shop\/wp-json\/wp\/v2\/product\/2631","targetHints":{"allow":["GET"]}}],"collection":[{"href":"https:\/\/www.elementar-erfahrungen.de\/shop\/wp-json\/wp\/v2\/product"}],"about":[{"href":"https:\/\/www.elementar-erfahrungen.de\/shop\/wp-json\/wp\/v2\/types\/product"}],"version-history":[{"count":2,"href":"https:\/\/www.elementar-erfahrungen.de\/shop\/wp-json\/wp\/v2\/product\/2631\/revisions"}],"predecessor-version":[{"id":2791,"href":"https:\/\/www.elementar-erfahrungen.de\/shop\/wp-json\/wp\/v2\/product\/2631\/revisions\/2791"}],"wp:featuredmedia":[{"embeddable":true,"href":"https:\/\/www.elementar-erfahrungen.de\/shop\/wp-json\/wp\/v2\/media\/279"}],"wp:attachment":[{"href":"https:\/\/www.elementar-erfahrungen.de\/shop\/wp-json\/wp\/v2\/media?parent=2631"}],"wp:term":[{"taxonomy":"product_brand","embeddable":true,"href":"https:\/\/www.elementar-erfahrungen.de\/shop\/wp-json\/wp\/v2\/product_brand?post=2631"},{"taxonomy":"product_cat","embeddable":true,"href":"https:\/\/www.elementar-erfahrungen.de\/shop\/wp-json\/wp\/v2\/product_cat?post=2631"},{"taxonomy":"product_tag","embeddable":true,"href":"https:\/\/www.elementar-erfahrungen.de\/shop\/wp-json\/wp\/v2\/product_tag?post=2631"}],"curies":[{"name":"wp","href":"https:\/\/api.w.org\/{rel}","templated":true}]}}