{"id":927,"date":"2023-03-17T13:15:58","date_gmt":"2023-03-17T13:15:58","guid":{"rendered":"https:\/\/www.elementarerfahrungen.de\/shop\/?post_type=product&#038;p=927"},"modified":"2023-04-25T00:01:51","modified_gmt":"2023-04-24T22:01:51","slug":"927","status":"publish","type":"product","link":"https:\/\/www.elementar-erfahrungen.de\/shop\/produkt\/927\/","title":{"rendered":"Kinder- Jugendcamp \/ Ferienprogramm Pfingsten Siegsdorf"},"content":{"rendered":"<p>Das Angebot ist f\u00fcr Kinder von 5 bis 11 Jahre<br \/>\n<strong>Am Donnerstag besteht die M\u00f6glichkeit im Camp zu \u00fcbernachten<\/strong><\/p>\n","protected":false},"excerpt":{"rendered":"<p>Das Angebot ist f\u00fcr Kinder von 5 bis 11 Jahre Am Donnerstag besteht die M\u00f6glichkeit im Camp zu \u00fcbernachten<\/p>\n","protected":false},"featured_media":937,"template":"","meta":{"_acf_changed":false,"footnotes":""},"product_brand":[],"product_cat":[23],"product_tag":[],"class_list":{"0":"post-927","1":"product","2":"type-product","3":"status-publish","4":"has-post-thumbnail","6":"product_cat-kinder-jugendliche","7":"sales-flash-overlay","8":"woocommerce-text-align-center","9":"woocommerce-image-align-center","10":"do-quantity-buttons","12":"first","13":"instock","14":"virtual","15":"product-type-simple"},"acf":[],"_links":{"self":[{"href":"https:\/\/www.elementar-erfahrungen.de\/shop\/wp-json\/wp\/v2\/product\/927","targetHints":{"allow":["GET"]}}],"collection":[{"href":"https:\/\/www.elementar-erfahrungen.de\/shop\/wp-json\/wp\/v2\/product"}],"about":[{"href":"https:\/\/www.elementar-erfahrungen.de\/shop\/wp-json\/wp\/v2\/types\/product"}],"version-history":[{"count":0,"href":"https:\/\/www.elementar-erfahrungen.de\/shop\/wp-json\/wp\/v2\/product\/927\/revisions"}],"wp:featuredmedia":[{"embeddable":true,"href":"https:\/\/www.elementar-erfahrungen.de\/shop\/wp-json\/wp\/v2\/media\/937"}],"wp:attachment":[{"href":"https:\/\/www.elementar-erfahrungen.de\/shop\/wp-json\/wp\/v2\/media?parent=927"}],"wp:term":[{"taxonomy":"product_brand","embeddable":true,"href":"https:\/\/www.elementar-erfahrungen.de\/shop\/wp-json\/wp\/v2\/product_brand?post=927"},{"taxonomy":"product_cat","embeddable":true,"href":"https:\/\/www.elementar-erfahrungen.de\/shop\/wp-json\/wp\/v2\/product_cat?post=927"},{"taxonomy":"product_tag","embeddable":true,"href":"https:\/\/www.elementar-erfahrungen.de\/shop\/wp-json\/wp\/v2\/product_tag?post=927"}],"curies":[{"name":"wp","href":"https:\/\/api.w.org\/{rel}","templated":true}]}}